dd844
-634203 (base 7) to base 9
-176206
2504232 (base 7) to base 12
1357b6
205d6c (base 14) to base 13
2c307c
What is -2062309 (base 10) in base 11?
-1189497
Convert -37a85 (base 13) to base 6.
-2112113
Convert -56643 (base 7) to base 6.
-150340
What is 4a986 (base 11) in base 7?
422665
What is 18168 (base 15) in base 10?
77948
Convert 298a29 (base 16) to base 11.
159a37a
What is 13c3a (base 13) in base 4?
21011231
Convert -355b2 (base 12) to base 10.
-71702
1240241300 (base 5) to base 4
23222003101
Convert -202233312 (base 5) to base 8.
-3103532
What is -1684858 (base 9) in base 10?
-941840
540136 (base 8) to base 13
640c8
What is 304421 (base 8) in base 7?
566240
2005333 (base 6) to base 15
1d016
-2b380 (base 14) to base 15
-21db1
What is 1101220222010 (base 3) in base 5?
142341342
-12153442 (base 6) to base 13
-10799c
-7130700 (base 8) to base 3
-10112112120121
-141402243 (base 5) to base 16
-b29b5
Convert 124320034 (base 5) to base 12.
25a983
144937 (base 10) to base 12
6ba61
-12103422 (base 6) to base 11
-240969
Convert 859147 (base 12) to base 10.
2110087
374515 (base 8) to base 7
1046064
What is 488b3a (base 12) in base 10?
1176670
-10434000341 (base 5) to base 4
-230112022020
What is 84814 (base 9) in base 10?
56065
-2125802 (base 10) to base 4
-20012333222
What is 1463b81 (base 15) in base 13?
3093319
-515720 (base 8) to base 9
-280455
Convert 2534253 (base 7) to base 3.
121122222210
Convert -103a5a (base 14) to base 2.
-10000101110100000000
What is 20c18d (base 16) in base 9?
4031643
Convert 212010110202 (base 3) to base 10.
455240
What is -1dd99 (base 14) in base 13?
-28c36
What is 21740643 (base 8) in base 13?
c88627
-1a75986 (base 11) to base 7
-41453625
-20367 (base 11) to base 13
-106b0
What is 139a62 (base 14) in base 15?
d665e
What is 102013222002 (base 4) in base 14?
8b9066
What is -2eeec (base 16) in base 10?
-192236
-122103320021 (base 4) to base 13
-157647b
a97a38 (base 11) to base 6
101323011
Convert -5446 (base 7) to base 14.
-9cd
What is 255037 (base 12) in base 7?
5120335
485070 (base 11) to base 14
15dc9a
Convert -2303331201 (base 5) to base 8.
-23460052
Convert -b36ad (base 16) to base 8.
-2633255
What is 603076 (base 10) in base 11?
382111
What is -3311001 (base 6) in base 10?
-164809
What is -24202455 (base 6) in base 5?
-143401114
What is 55144455 (base 6) in base 16?
192173
What is -13715645 (base 10) in base 15?
-130dd65
Convert -9a58 (base 11) to base 16.
-33c4
-1314224 (base 6) to base 14
-1c476
22023d (base 16) to base 6
115434301
52626 (base 11) to base 9
126084
Convert -852076 (base 9) to base 12.
-2052b0
Convert 1090600 (base 10) to base 15.
16821a
-110044 (base 6) to base 15
-2a6a
Convert -2550444 (base 7) to base 9.
-554736
Convert -10110032121 (base 4) to base 9.
-2114010
-8bb144 (base 12) to base 15
-2e3171
What is -337492 (base 10) in base 2?
-1010010011001010100
What is -268a15 (base 12) in base 14?
-1283bb
Convert 7153470 (base 8) to base 10.
1890104
Convert 26152c (base 16) to base 11.
1455139
-3b264 (base 12) to base 6
-1425404
515740 (base 9) to base 5
34243204
What is 336dd0 (base 16) in base 2?
1100110110110111010000
Convert 202021202221122 (base 3) to base 7.
160434014
-40774 (base 12) to base 9
-137247
What is 723451 (base 8) in base 10?
239401
What is 112415 (base 11) in base 14?
49274
-2252134 (base 6) to base 15
-244c4
What is 279477 (base 10) in base 16?
443b5
What is -36a01b (base 12) in base 14?
-19199d
What is -13143021 (base 6) in base 8?
-1516565
-2555415 (base 6) to base 12
-68b6b
Convert -6046037 (base 8) to base 2.
-110000100110000011111
Convert 202025 (base 8) to base 14.
1a39b
Convert 1211100 (base 5) to base 4.
11201322
-88335 (base 9) to base 6
-1131135
Convert -110022122211021 (base 3) to base 8.
-30764446
What is 2546602 (base 7) in base 14?
88a39
What is -20011202210 (base 3) in base 12?
-5a433
Convert -1560814 (base 12) to base 8.
-20473220
What is 1712754 (base 9) in base 15?
13c764
What is 125471 (base 8) in base 13?
16c4a
What is -10101010010100101011 (base 2) in base 5?
-134311033
9131a5 (base 11) to base 6
51245453
Convert 487452 (base 11) to base 2.
10111100010001110110
-111111100000000101 (base 2) to base 3
-111012210101
Convert 160398 (base 16) to base 6.
50531120
425030033 (base 6) to base 2
11100101010110110000101
What is -217d8f (base 16) in base 11?
-126a011
162969 (base 12) to base 3
201012122000
What is bdad (base 16) in base 9?
73542
-112110230 (base 4) to base 15
-1c15b
200003000133 (base 4) to base 5
4122312202
What is -3b030 (base 13) in base 14?
-2c093
What is -36145571 (base 9) in base 16?
-10cf750
What is 10519 (base 13) in base 7?
151540
Convert -10011010010011000 (base 2) to base 4.
-103102120
-562807 (base 12) to base 4
-11033100013
What is 113020001 (base 4) in base 12?
46995
Convert 21332102 (base 4) to base 13.
15794
Convert 4530423 (base 6) to base 4.
320002233
What is -974297 (base 12) in base 5?
-1103020310
-ab378 (base 15) to base 8
-2046643
2770a20 (base 11) to base 10
4774198
-302033022 (base 4) to base 7
-1514625
What is -12111211000 (base 3) in base 15?
-22226
Convert -28c716c (base 13) to base 9.
-26376363
What is -1778014 (base 10) in base 14?
-343d70
What is 1da100 (base 14) in base 8?
4037644
Convert -3689 (base 16) to base 7.
-55463
Convert 15060a2 (base 13) to base 9.
13535883
1054230 (base 8) to base 15
595d4
Convert -2580773 (base 9) to base 5.
-330124443
-55025450 (base 6) to base 11
-a18836
-6d4621 (base 14) to base 10
-3738533
2256d (base 15) to base 8
325254
-1146563 (base 13) to base 2
-10100010100011001110110
7e330 (base 16) to base 3
222021001220
Convert -45043061 (base 7) to base 15.
-51d798
Convert 2222122001 (base 3) to base 14.
175c8
-a56b13 (base 12) to base 10
-2603967
Convert 101101110000110101111 (base 2) to base 15.
1e94b2
Convert 60271 (base 8) to base 5.
1243021
Convert -111101011000010001111 (base 2) to base 8.
-7530217
Convert 41412211 (base 5) to base 4.
1103120310
-11554060 (base 7) to base 15
-157b31
983cd4 (base 14) to base 11
2a03739
Convert 21f1b (base 16) to base 2.
100001111100011011
82030 (base 11) to base 15
25783
Convert -1315213 (base 10) to base 16.
-14118d
What is 7c4fe (base 16) in base 14?
d37c2
What is 1100202000212 (base 3) in base 2?
10110000100011110111
Convert 25d3a3 (base 16) to base 4.
21131032203
-b5621 (base 13) to base 12
-138931
-2342340012 (base 5) to base 11
-308150a
Convert -15815e (base 16) to base 14.
-289898
1688c (base 14) to base 16
dcfc
Convert 26110322 (base 7) to base 5.
1101403401
Convert ab23ab (base 12) to base 10.
2720435
What is -101200210021 (base 3) in base 16?
-3365e
-11189a (base 11) to base 14
-48c96
What is -1424046 (base 7) in base 16?
-2ea6d
Convert b04b (base 14) to base 8.
73053
What is -3a667 (base 11) in base 15?
-122dc
What is 96391e (base 15) in base 11?
4044147
What is -5a6b (base 16) in base 13?
-a6c7
Convert -342772 (base 9) to base 13.
-726b3
100001011010010010001000 (base 2) to base 13
1a786b9
Convert 9b7b4 (base 14) to base 15.
76c8d
Convert -1cb81 (base 16) to base 15.
-24cc3
-4cc2c9 (base 14) to base 9
-4872301
Convert 1023144 (base 5) to base 7.
101302
What is 101112222002 (base 3) in base 14?
559c8
520d (base 15) to base 13
7b79
What is 2c579 (base 13) in base 16?
149cf
-4443 (base 16) to base 14
-6523
Convert 290945 (base 10) to base 4.
1013002001
Convert 1816597 (base 10) to base 14.
35404d
What is -1467210 (base 8) in base 9?
-712176
Convert 9a37 (base 13) to base 10.
21509
Convert -395a0 (base 14) to base 15.
-2bbe4
Convert 2003141 (base 7) to base 4.
321231311
Convert 25850a (base 16) to base 14.
480150
96a217 (base 13) to base 16
35f1e3
1511195 (base 11) to base 2
1001111001000011110101
What is 10001022222121 (base 3) in base 13?
449812
Convert -521404 (base 7) to base 11.
-61175
What is 2f333 (base 16) in base 8?
571463
What is -4143321 (base 6) in base 2?
-110000111010100001
-358a5 (base 12) to base 13
-26aa1
What is -10323734 (base 9) in base 2?
-10010111110110110010111
What is -88054 (base 10) in base 13?
-31105
What is -20152331 (base 8) in base 15?
-58dd7d
Convert 10000100010010000 (base 2) to base 8.
204220
What is -431390 (base 14) in base 4?
-20222030302
-5524012 (base 6) to base 14
-72636
Convert 1000110110001011110001010 (